 k be 19 + 2/(1 + 2 + -1). Suppose -5*h = 25, -4*c - 2*h + 132 + 2 = 0. What is the greatest common factor of k and c?
4
Let l be (365/(-15))/((-2)/6). Let v = l + -42. Suppose g + 5 = -3*k + 25, -5*k = 4*g - v. What is the greatest common factor of 35 and k?
7
Suppose 0*d - 2*h + 22 = d, -73 = -4*d - 3*h. Let y be -1 + 11 - ((-14)/(-7) + 1). Suppose -y = -9*w + 29. What is the greatest common divisor of d and w?
4
Let u be (1*290)/(92*(-8)/64 - -12). What is the highest common factor of u and 1102?
58
Suppose 0 = -o + 2 + 58. Suppose 0 = q + x + 1, -2*x + 20 = -6*x. Suppose 2*f = 6 + q, f = -3*l + 50. What is the highest common factor of l and o?
15
Let q(n) = 3*n**2 - 60*n + 617. Let b be q(15). Let i = 222 + -180. Calculate the greatest common divisor of b and i.
14
Let p = 34 - 172. Let r = p - -145. Calculate the highest common factor of r and 196.
7
Let u be 12/(7 - 4) + 3/1. Suppose -128 = -u*a - 86. What is the greatest common divisor of 6 and a?
6
Suppose 7548 - 188 = 7*r + 16*r. What is the greatest common factor of 224 and r?
32
Let n(q) = -q**2 + 9*q + 2. Let b be n(4). Let w(x) = 187*x - 352. Let s be w(2). Calculate the greatest common factor of s and b.
22
Suppose 0 = 3*z - 2*d - 236, 2*z = 3*z + 3*d - 64. Let g = z + -133. Let r = g + 69. Calculate the highest common factor of 168 and r.
12
Let a be (-126)/(9/(-3)) + (-66)/(-11). Calculate the greatest common divisor of a and 744.
24
Let f(j) = -372*j**2 + 5*j + 2. Let z be f(1). Let q = z - -374. Calculate the highest common divisor of 1 and q.
1
Let j = -31 - -43. Let w be 17/68 + 495/4. Let x = w - 118. What is the greatest common factor of j and x?
6
Let t = 575 + -573. Suppose -v + 4*u + 294 = 0, 3*u - 7 = t. Calculate the greatest common factor of 68 and v.
34
Let y be (56/(-1078)*11)/(2/(-174307)). Calculate the highest common factor of 74 and y.
74
Let f be 154/(-22) - -9 - (-3 - 30). Let r(b) = -4*b**3 - b**2 + 2*b + 3. Let i be r(-3). Suppose 3*m - i = 9. Calculate the highest common factor of m and f.
35
Suppose -597*n + 10144 = -593*n. Calculate the greatest common divisor of n and 16.
8
Let x = 23 + -1. Suppose k - x = -k. Let g(u) = -u**3 - 76*u**2 - 151*u - 35. Let z be g(-74). What is the greatest common factor of z and k?
11
Suppose -695*g + 666*g = -36801. What is the greatest common divisor of g and 1833?
141
Let b(p) = -5*p - 9. Let g be b(-14). Suppose -g = -x + 77. What is the greatest common divisor of 6 and x?
6
Suppose 1578 = 5*z + 3*b, b = -3*z + 644 + 302. Let m be (z - (-3 - -10))/2. What is the highest common factor of 22 and m?
22
Suppose 0 = -4*s - 7*f + 6*f + 1645, 3*f = 4*s - 1625. Calculate the greatest common factor of s and 328.
82
Suppose c - 173 = -2*h, -2*c + 61 = h - 24. Suppose -457 - 4328 = -11*f. Calculate the greatest common factor of h and f.
87
Let i = 101 - -435. Suppose 15*a = i + 214. What is the highest common factor of 200 and a?
50
Suppose -h + q = -1 - 6, -q = 5. Suppose h*v - 596 = 4*c, -2*c - 634 = 5*v - 2100. What is the highest common factor of v and 42?
42
Let p = -2707 - -2917. Calculate the highest common factor of p and 770.
70
Suppose 20*m + 357 = 23*m. Suppose 3*g + 14 = 5*y - 9, -4*y + 44 = 4*g. What is the highest common divisor of m and y?
7
Let w(v) = 103*v**3 + 4*v**2 - 26*v + 17. Let k be w(5). What is the highest common factor of 218 and k?
218
Let b(z) = -z**3 - 9*z**2 - 2*z - 9. Suppose 0 = 3*p - 2*p + 5, -4*v - 208 = 4*p. Let c = v + 38. Let a be b(c). What is the greatest common factor of 1 and a?
1
Let u = 14 - -10. Let n(q) = 365*q**3 + q**2 + 2*q. Let i be n(-1). Let a = 558 + i. Calculate the greatest common factor of u and a.
24
Suppose 519*d = 525*d. Suppose d = -5*b + 32 + 13. Calculate the highest common factor of 1125 and b.
9
Suppose 0 = -x + 5*f + 1, -18*x + 2 = -16*x + f. Let a be (-81282)/(-342) - x/(-3). What is the highest common factor of 68 and a?
34
Let w = 469 + -300. Let q = w + 247. Calculate the highest common factor of 13 and q.
13
Let j be (7/(-5))/((-89880)/(-2900) - 31). What is the greatest common factor of 1827 and j?
203
Suppose 50*j + 46*j = 1344. Calculate the greatest common divisor of j and 7658.
14
Let b = 8989 - 8987. What is the greatest common factor of b and 278?
2
Let g be (-4 + 4608/63)/(6/357). What is the highest common factor of g and 363?
121
Suppose 0 = 5*i - 2*q - 631 + 176, 4*q + 364 = 4*i. What is the greatest common factor of 988 and i?
13
Let r be (-500)/(-15) + 3/(1*-9). Suppose 5*k = -i - 316, -160 = 3*k + 4*i + r. Let o be (-175)/k - 4/(-18). What is the greatest common divisor of 33 and o?
3
Suppose 4*t - 68 - 28 = 0. Let q = 54504 - 54488. Calculate the greatest common factor of q and t.
8
Suppose 3*q = q + 240. Suppose 192*j + 24 - 1944 = 0. Calculate the highest common divisor of j and q.
10
Let l be (-3)/6 - (-1218)/4. Let q be (19/57)/((-1)/(-126)). Suppose 5*h = q + 148. What is the highest common factor of l and h?
38
Let w(b) = 77*b + 248. Let t be 36/4*32/48. Let v be w(t). Calculate the greatest common divisor of v and 10.
10
Let t be 2/(-21)*6 + (-90)/(-35). Suppose -4*j - 3*s + 31 = -t*s, 5*j - 50 = s. What is the highest common factor of 549 and j?
9
Let q be 30/((-3)/(-10) - (-16)/5600*-5). Let u(c) = c**3 - 6*c**2 + 7*c. Let i be u(6). Calculate the highest common divisor of q and i.
21
Suppose -3*w - 62 = -k, 0 = -2*k + 32*w - 34*w + 188. Calculate the greatest common factor of 8686 and k.
86
Let z be ((-53)/6 + 12/(-72))*7/(-3). What is the greatest common divisor of z and 1701?
21
Suppose -s = -2*l - 2*l + 65, 75 = 4*l - 3*s. Let z be 27 - (-16)/40*-15. Calculate the greatest common divisor of z and l.
3
Suppose 0*p - 2*u + 5 = p, -5*p = u - 70. Let d be (24/p)/((-2)/(-220)). Let z be 7 - (18 - (11 + 16)). What is the highest common divisor of z and d?
16
Let z be ((-168)/(-14) + -32)*-5. Calculate the greatest common divisor of 50 and z.
50
Suppose -2*v + 360 = -2*d, -133 = -d - 127. Calculate the greatest common factor of v and 24.
6
Suppose u - 85 = 5*g, 10*u + 3*g + 391 = 14*u. Suppose 368*q - 373*q = -u. Calculate the highest common factor of 320 and q.
20
Suppose -27*v + 2*k + 65 - 50 = 0, 24 = 4*k. What is the greatest common divisor of 233 and v?
1
Let g(v) = 2*v**2 - 12*v - 70. Let d be g(13). Calculate the highest common factor of d and 2520.
56
Let a(r) = -r**3 + 26*r**2 - 2*r + 57. Let k be a(26). Suppose 3*o = 8*o + 2*g - 1744, -k*o + 2*g = -1756. Calculate the greatest common divisor of o and 42.
14
Suppose 0 = -6*l + 105 - 45. Suppose 3*y = -11*u + l*u + 209, -148 = -2*y - 5*u. Calculate the greatest common divisor of y and 23.
23
Suppose -10*l = -15*l + 3*f + 535, -4*l = f - 411. Calculate the highest common divisor of 546 and l.
26
Let h(o) = 45*o**2 - 37*o - 146. Let q be h(-4). What is the highest common factor of q and 342?
38
Let g(q) = 28*q - 1442. Let p be g(57). What is the greatest common divisor of p and 242?
22
Let f = -3705 - -3805. Suppose -108 = -4*m + 2*n, 4*m + 0*n - 4*n = 116. What is the greatest common factor of m and f?
25
Let w(b) = 2*b**2 - 126*b - 521. Let n be w(68). Calculate the highest common factor of 12508 and n.
53
Let a be 10*-2*56/(-70). Let d be ((-4)/8 - (-9 - -6))*a. What is the highest common divisor of 60 and d?
20
Suppose -53*u + 55*u = 90. Suppose 5*w = -2*i + 77 + 49, 315 = 5*i + 4*w. Calculate the highest common divisor of u and i.
9
Let t be (-13)/((-1001)/(-46860))*(-14)/3. What is the greatest common divisor of t and 20?
20
Let f = 319 - 143. Suppose -4*b = 5*q - f, 0 = -q - 2*b + 27 + 7. What is the highest common divisor of q and 12?
12
Let r = -9391 + 9478. Calculate the highest common divisor of r and 12.
3
Let u(w) = -w**2 - 3*w + 9. Let x be u(-6). Let z be (132/9)/(2*x/(-918)). What is the greatest common divisor of 17 and z?
17
Let u = 1120 - 768. Suppose 4*o = -3*v + 358, 545 = 5*o - 3*v + 111. What is the greatest common factor of u and o?
88
Let d = -13310 - -13838. What is the greatest common divisor of d and 1104?
48
Let u be ((-5)/(-25))/((-8)/10)*936/(-26). What is the greatest common factor of u and 1317?
3
Let a be (-35)/(-10) - (-1)/2. Let t be (2/(-6))/((-61)/(-1098)). Let p be -8 - (-64)/(t + 10). Calculate the greatest common divisor of p and a.
4
Su